ivided by 23836?
75
Calculate the remainder when 336398 is divided by 22.
18
What is the remainder when 293281 is divided by 488?
481
What is the remainder when 1017 is divided by 623?
394
Calculate the remainder when 41970 is divided by 41.
27
What is the remainder when 333154 is divided by 157?
0
Calculate the remainder when 761 is divided by 45.
41
What is the remainder when 828 is divided by 43?
11
Calculate the remainder when 17171 is divided by 195.
11
What is the remainder when 3394 is divided by 483?
13
What is the remainder when 1580492 is divided by 1087?
1081
Calculate the remainder when 9236 is divided by 2300.
36
Calculate the remainder when 171346 is divided by 202.
50
What is the remainder when 10202 is divided by 461?
60
What is the remainder when 383764 is divided by 979?
975
Calculate the remainder when 11073 is divided by 1938.
1383
What is the remainder when 4502 is divided by 59?
18
What is the remainder when 121576 is divided by 46?
44
Calculate the remainder when 223519 is divided by 24.
7
Calculate the remainder when 60686 is divided by 34.
30
Calculate the remainder when 63843 is divided by 1824.
3
Calculate the remainder when 117449 is divided by 9785.
29
What is the remainder when 2376 is divided by 883?
610
What is the remainder when 33032 is divided by 11005?
17
What is the remainder when 3003 is divided by 2647?
356
What is the remainder when 136303 is divided by 45?
43
Calculate the remainder when 9939 is divided by 179.
94
Calculate the remainder when 24320 is divided by 26.
10
What is the remainder when 10346 is divided by 46?
42
Calculate the remainder when 165135 is divided by 230.
225
What is the remainder when 11475 is divided by 14?
9
Calculate the remainder when 1786 is divided by 1686.
100
Calculate the remainder when 595099 is divided by 498.
487
What is the remainder when 975717 is divided by 243927?
9
What is the remainder when 25007 is divided by 6249?
11
Calculate the remainder when 340967 is divided by 14.
11
What is the remainder when 29612 is divided by 34?
32
What is the remainder when 579 is divided by 29?
28
Calculate the remainder when 2669 is divided by 13.
4
Calculate the remainder when 333389 is divided by 26.
17
What is the remainder when 2825 is divided by 529?
180
What is the remainder when 4442541 is divided by 12?
9
Calculate the remainder when 318627 is divided by 195.
192
Calculate the remainder when 112050 is divided by 257.
255
What is the remainder when 70392 is divided by 1529?
58
What is the remainder when 2534 is divided by 193?
25
What is the remainder when 2840 is divided by 1251?
338
What is the remainder when 28763 is divided by 38?
35
What is the remainder when 40797 is divided by 24?
21
What is the remainder when 4549 is divided by 242?
193
Calculate the remainder when 16314 is divided by 65.
64
What is the remainder when 7617 is divided by 64?
1
Calculate the remainder when 2350 is divided by 2196.
154
What is the remainder when 1893610 is divided by 167?
164
What is the remainder when 1389712 is divided by 37?
29
What is the remainder when 53201 is divided by 470?
91
Calculate the remainder when 9482 is divided by 4725.
32
What is the remainder when 116117 is divided by 484?
441
What is the remainder when 3532 is divided by 42?
4
Calculate the remainder when 11546 is divided by 970.
876
What is the remainder when 9731 is divided by 2431?
7
Calculate the remainder when 6605 is divided by 1622.
117
What is the remainder when 60256 is divided by 115?
111
What is the remainder when 2696 is divided by 37?
32
Calculate the remainder when 7376 is divided by 140.
96
Calculate the remainder when 3802 is divided by 2582.
1220
What is the remainder when 27333 is divided by 48?
21
What is the remainder when 314521 is divided by 4?
1
Calculate the remainder when 8794 is divided by 1926.
1090
What is the remainder when 28405 is divided by 224?
181
Calculate the remainder when 460 is divided by 227.
6
Calculate the remainder when 72182 is divided by 161.
54
What is the remainder when 15263 is divided by 5076?
35
What is the remainder when 1362755 is divided by 129?
128
Calculate the remainder when 1437 is divided by 14.
9
Calculate the remainder when 62207 is divided by 35.
12
What is the remainder when 4889277 is divided by 24?
21
What is the remainder when 1623763 is divided by 40?
3
Calculate the remainder when 27497 is divided by 991.
740
What is the remainder when 2710 is divided by 384?
22
What is the remainder when 6800 is divided by 97?
10
What is the remainder when 4291494 is divided by 65?
64
What is the remainder when 1785 is divided by 185?
120
Calculate the remainder when 169367 is divided by 873.
5
Calculate the remainder when 9349 is divided by 93.
49
What is the remainder when 1792 is divided by 31?
25
Calculate the remainder when 136360 is divided by 13.
3
Calculate the remainder when 2520 is divided by 34.
4
What is the remainder when 663995 is divided by 17?
9
What is the remainder when 2767 is divided by 1330?
107
What is the remainder when 37285 is divided by 822?
295
Calculate the remainder when 6243 is divided by 1996.
255
Calculate the remainder when 50697 is divided by 34.
3
What is the remainder when 2385 is divided by 782?
39
Calculate the remainder when 436387 is divided by 306.
31
Calculate the remainder when 456590 is divided by 75.
65
What is the remainder when 8611 is divided by 87?
85
What is the remainder when 85424 is divided by 28?
24
What is the remainder when 19549 is divided by 291?
52
What is the remainder when 314293 is divided by 143?
122
What is the remainder when 252713 is divided by 240?
233
What is the remainder when 20920 is divided by 510?
10
Calculate the remainder when 212045 is divided by 53006.
21
What is the remainder when 37604 is divided by 63?
56
What is the remainder when 75603 is divided by 164?
163
What is the remainder when 590 is divided by 22?
18
What is the remainder when 595 is divided by 198?
1
Calculate the remainder when 971 is divided by 305.
56
What is the remainder when 49338 is divided by 257?
251
What is the remainder when 3578 is divided by 128?
122
Calculate the remainder when 1992 is divided by 521.
429
Calculate the remainder when 119851 is divided by 340.
171
Calculate the remainder when 208420 is divided by 56.
44
What is the remainder when 1573 is divided by 317?
305
Calculate the remainder when 313204 is divided by 42.
10
Calculate the remainder when 94616 is divided by 126.
116
What is the remainder when 220902 is divided by 45?
42
What is the remainder when 8181 is divided by 430?
11
What is the remainder when 290927 is divided by 94?
91
What is the remainder when 80294 is divided by 956?
946
Calculate the remainder when 8240 is divided by 17.
12
What is the remainder when 45654 is divided by 9098?
164
What is the remainder when 21961 is divided by 31?
13
What is the remainder when 14411 is divided by 59?
15
Calculate the remainder when 16541 is divided by 8232.
77
Calculate the remainder when 3244 is divided by 1451.
342
What is the remainder when 8265 is divided by 36?
21
What is the remainder when 342892 is divided by 3727?
8
Calculate the remainder when 7011 is divided by 3488.
35
Calculate the remainder when 256565 is divided by 2231.
0
What is the remainder when 13549067 is divided by 442?
441
Calculate the remainder when 4872 is divided by 2407.
58
What is the remainder when 231 is divided by 96?
39
Calculate the remainder when 5797 is divided by 2307.
1183
Calculate the remainder when 9455 is divided by 94.
55
Calculate the remainder when 388 is divided by 83.
56
Calculate the remainder when 132396 is divided by 386.
384
What is the remainder when 638 is divided by 227?
184
Calculate the remainder when 25761 is divided by 3669.
78
Calculate the remainder when 894 is divided by 107.
38
What is the remainder when 6358 is divided by 260?
118
What is the remainder when 25992 is divided by 66?
54
What is the remainder when 825 is divided by 13?
6
What is the remainder when 11381 is divided by 298?
57
What is the remainder when 1113471 is divided by 447?
441
What is the remainder when 94527 is divided by 6749?
41
Calculate the remainder when 12897 is divided by 28.
17
What is the remainder when 5